*(-5)/(i/2)?
41
Suppose 0 = -0*t + 5*t + s - 877, 5*t - s = 873. Let m = 286 + t. List the prime factors of m.
461
Suppose 2*o - i - 1069 = -80, -2*o = 5*i - 971. Suppose 7567 = -33*j - 2795. Let r = j + o. What are the prime factors of r?
179
Let w(i) = -1 - 9*i**2 - 7*i - 2*i**3 + i**2 - 1. Let b(n) = 115*n + 4365. Let g be b(-38). What are the prime factors of w(g)?
83
List the prime factors of (182/42)/(1/(-2) + (-7906)/(-15804)).
3, 13, 439
Suppose -41*d + 183*d + 12007 = -7731. Suppose 44 = -f + 5*p, 3*f + 4*p + 96 = p. Let r = f - d. What are the prime factors of r?
3, 5, 7
Let b(i) = i. Let y(r) = -3*r - 11 + 4*r - 8 + 0*r. Let g(k) = -3*b(k) - y(k). What are the prime factors of g(-9)?
5, 11
Let q(b) = 13*b**2 + 17*b**2 - 15 + b**3 - 19*b**2 - 15*b. Let f be q(-11). Let l = 255 - f. List the prime factors of l.
3, 5, 7
Let s = 114 - 77. Let y = s - 32. Suppose -2*u + 4*c = -140, -114 - 93 = -3*u + y*c. List the prime factors of u.
2
Let f be (-834)/24 - (-1)/(-4). What are the prime factors of 9264/14 + (-10)/f?
2, 331
Suppose -7918 = -23*u + 3*u + 30042. What are the prime factors of u?
2, 13, 73
Suppose 21 = 2*g - 57. Let h be ((-4)/(-1) - 1)*-7. What are the prime factors of ((-65)/g)/(1/h)?
5, 7
Let x(m) = 2*m**2 + 28*m - 15. Let t(p) = -2*p**2 + 47*p + 137. Let q be t(26). What are the prime factors of x(q)?
3, 31
Suppose 89 = -4*z + 449. Suppose z*p - 95*p = -505. List the prime factors of p.
101
Let d(w) = w**2 + 17*w + 4. Let t be d(-17). Let i(a) = -a**3 + 2*a**2 + 8*a + 3. Let s be i(t). Suppose 0 = -2*o + s*o - 47. What are the prime factors of o?
47
What are the prime factors of ((-52)/(-24))/(-13) - 5767/(-6)?
31
Let m(a) = -4*a + 31. Let c be m(7). Suppose 0 = c*h - d + 1 - 203, -h = 5*d - 62. Let g = 97 - h. List the prime factors of g.
2, 3, 5
Let l = -108 + 102. Let n be 2*(l - (-3 - 1)). Let c(x) = -x**3 - 4*x**2 + 8. What are the prime factors of c(n)?
2
Let i(n) = -403*n + 1687. List the prime factors of i(-14).
3, 7, 349
Let l(p) = p**3 + 10*p**2 + 9*p - 16. Let d be (49/(-28))/((-1)/(-4)). Let z be l(d). Suppose 11 + z = t. What are the prime factors of t?
79
List the prime factors of -6*2/(-24)*156*(-23)/(-1).
2, 3, 13, 23
Let f = 588 + -104. Suppose 5*q = f + 396. List the prime factors of q - (-2)/(10/(-15)).
173
Let u(i) = 55*i**2 - 11*i - 6 - 54*i**2 + 22. Let x be u(9). What are the prime factors of x + -26*2/(-2)?
2, 3
Let w(p) = -p + 136. Let n be w(0). Suppose 36 = 4*z - n. List the prime factors of z.
43
Let s(u) = -10 - 225*u + 0 - 134*u + 5 - 359*u. What are the prime factors of s(-1)?
23, 31
Let i(s) = 96*s - 35*s + 27*s + 10. Let k be i(3). List the prime factors of 2/((-4)/2 - (-552)/k).
137
Let l(b) = 161*b**3 + 2*b - 1. Let n be l(1). Suppose -m = -3*m - s + n, 2*m - 3*s - 170 = 0. Suppose 3*h + m - 247 = 0. List the prime factors of h.
5, 11
Let p(n) = -4*n + 24. Suppose -5*l = -4*o - 23, -4*o - 3*l + 2 = 1. Let f = o - -2. List the prime factors of p(f).
2, 3
Let c(w) = -3*w**2 - 470*w - 145. List the prime factors of c(-71).
2, 3, 7, 431
List the prime factors of (62595/52)/(21/112).
2, 3, 5, 107
Suppose 5*w = 2*w - 69. Let f = w + 21. What are the prime factors of (-3)/5 + f + 1546/10?
2, 19
Let r(b) = b**2 + 13*b + 1. Let k be r(-4). Let z = k + 90. Suppose z*n = 58*n - 330. What are the prime factors of n?
2, 5, 11
What are the prime factors of (-951230)/(-112) + 10/(-80)?
3, 19, 149
Let k = 0 - -8. Let x(g) = 86*g**3 + 2*g**2 - 2*g + 1. Let w be x(1). List the prime factors of k/(-16) - w/(-2).
43
Suppose 1278*c - 8790918 = 1127*c. What are the prime factors of c?
2, 3, 31, 313
Let g(n) = -126*n + 5793. What are the prime factors of g(-77)?
3, 5, 1033
Suppose -6*o = -3*o - 25*o + 366850. What are the prime factors of o?
5, 23, 29
Let h be (-2)/(-3) - (-31)/3. Let f = 1176 + -1168. Suppose -f*c - 357 = -h*c. List the prime factors of c.
7, 17
Let d be (-2)/((-6)/21) - 3215. Let u = -1736 - d. What are the prime factors of u?
2, 23
Suppose -2*f + 5*l + 15 = 10*l, -5*f - 3*l = -9. Suppose 0 = -5*k - g + 2768, -k + 2*g + 484 + 63 = f. What are the prime factors of k?
7, 79
Let t = -31456 - -57656. What are the prime factors of t?
2, 5, 131
Suppose 6 + 18 = 4*d. Suppose 0 = -4*c + d*c. Suppose 2*n + 6*n - 648 = c. List the prime factors of n.
3
Suppose -2*y + y = -40. Suppose 23*w + 336 = 2061. Let o = w - y. What are the prime factors of o?
5, 7
Let g(p) = 1846*p**2 - 113*p - 299. What are the prime factors of g(-3)?
2, 11, 757
Let m = 2341 + -1833. List the prime factors of m.
2, 127
Suppose -19*j + 67897 + 10896 = 0. What are the prime factors of j?
11, 13, 29
Let d(u) = 4739*u - 4250. What are the prime factors of d(7)?
3, 31, 311
Let s(d) = -283 - d + 16*d + 0*d + 114. What are the prime factors of s(13)?
2, 13
Suppose -3*f = 2*j - 31689, 25*j - 28*j + 47523 = f. What are the prime factors of j?
2, 3, 5, 11
Suppose 3*a - 13 = -7. Suppose 0 = -a*r - 4*r + 258. Suppose 2*f + r = 257. List the prime factors of f.
107
Suppose 2*z + 13*z = 30. Suppose -z*n = 10, -3*n + 8*n = 5*o - 85. What are the prime factors of o?
2, 3
Let m(k) be the third derivative of k**5/30 - 7*k**4/8 + 5*k**3/6 + 27*k**2. Let v be m(10). Let o(d) = -24*d - 52. List the prime factors of o(v).
2, 17
Suppose 2*o = -4*b + 206, 2 = 2*b - 2. Suppose -8*t - o - 605 = 0. Let x = t + 155. What are the prime factors of x?
67
Let p(r) be the third derivative of -r**5/60 - 11*r**4/24 - 5*r**3/2 + 13*r**2. Let q be p(-9). What are the prime factors of (-9)/(-1)*-6*q/(-2)?
3
Let k = -18227 - -26879. What are the prime factors of k?
2, 3, 7, 103
Let g(x) = 8*x. Let j be g(4). Let b(k) = k + 37. Let v be b(-34). Suppose -4*d = 5*w - j, w = 5*d - 43 + v. What are the prime factors of d?
2
Suppose 30*k - 84101 = 13*k - 2*a, -4*a = k - 4951. List the prime factors of k.
3, 17, 97
Suppose -2*k + 13 = -g + 2, 7 = k - g. Let u be (25/15)/(k/12). List the prime factors of (-160)/48*(-99)/u.
2, 3, 11
Suppose 4*u - 6*f + 1452 = -f, -5*f - 1452 = 4*u. What are the prime factors of (-5)/25 - u/15?
2, 3
List the prime factors of ((-4263)/(-12) - (45 + -39))*28.
7, 11, 127
Suppose 2*z - 4*c + 132 = 0, 2*z + 4*c = -3*z - 260. Let q = 57 + z. List the prime factors of -1 + (q - 2)*1 + 67.
5, 13
Let g(j) = -3608*j - 5493. List the prime factors of g(-7).
19763
Let w = 441 + -105. Suppose -6*r = -2*r - 16, -2*n = -2*r - w. List the prime factors of n.
2, 43
Let a(c) = c**3 + 4*c**2 - 354*c + 79179. List the prime factors of a(0).
3, 26393
Suppose -2*f - f + 3*b = -195, 4*f = 3*b + 264. Let l = f + 234. Suppose 7*r = -58 + l. What are the prime factors of r?
5, 7
Let b(c) = c**2 + 7*c - 24. Let m be b(-10). Let d be (-3)/5 - (m + (-33)/5). Suppose -2*l - 3*l + 125 = d. List the prime factors of l.
5
What are the prime factors of (-4)/10 - (-1 + (-6)/(-30))*13058?
2, 3, 1741
Let c = 124 + -120. Suppose g + 10 = -c. List the prime factors of (0 - (2 + -1)) + g + 218.
7, 29
Let p(f) = 19*f + 16 + 12 - 41 - 8*f**2 - 2*f**3 - 12*f + 11. What are the prime factors of p(-9)?
5, 149
What are the prime factors of 4 + ((-666)/(-3) - 1/(-1))?
227
Suppose -m + 61716 = -4*c, 200*c - 202*c = 12. List the prime factors of m.
2, 3, 53, 97
What are the prime factors of (-2)/3 - 376864/(-96)?
5, 157
Suppose 27*i + 154*i = -269*i + 18617400. List the prime factors of i.
2, 10343
Let s = -13651 + 21310. List the prime factors of s.
3, 23, 37
Suppose -4235 = -18*p + 3055. Suppose -p = -7*n + 4*n. List the prime factors of n.
3, 5
Let y(c) = c**3 + 54*c**2 - 64*c - 527. What are the prime factors of y(-45)?
2, 10289
Suppose -225703 + 52898 = -19*m. What are the prime factors of m?
5, 17, 107
Let y(a) = 7*a**3 - a**2 - 10*a - 10. Let v = -12 + 6. Let b(h) = 13*h**3 - h**2 - 19*h - 21. Let o(d) = v*b(d) + 11*y(d). List the prime factors of o(-7).
2, 43
Let c = -193 - -208. Suppose 3*n = 7*l - 8*l + 610, c = -3*n. What are the prime factors of l?
5
Let r(o) = o**3 + 8*o - 2 - 9*o**2 + 4 + 3. Let l be r(8). Suppose 2*q + l*w = 316, -2*q - 3*w + 0*w = -320. List the prime factors of q.
163
Suppose 9*v + 15*v + 5136 = 0. Let x = -182 - v. List the prime factors of x.
2
Let h be (4/7)/((-1)/(-7)). Suppose h*f + 177 = -5*s + 1492, s - 4*f - 239 = 0. List the prime factors of s